
Is 125423 a prime number?
True
Is 5017 a prime number?
False
Is 10841 a composite number?
True
Is 297301 composite?
True
Is 176831 prime?
False
Is 1075603 a composite number?
True
Is 61709 a composite number?
True
Is 460531 a composite number?
False
Is 25511 prime?
False
Is 219119 a composite number?
False
Is 35515 composite?
True
Is 241303 prime?
True
Is 102853 a composite number?
True
Is 1359043 composite?
True
Is 1113317 a prime number?
True
Is 60499 a composite number?
True
Is 143329 a composite number?
False
Is 108723 composite?
True
Is 135741 a composite number?
True
Is 47459 composite?
False
Is 166241 a prime number?
False
Is 359561 composite?
False
Is 15527 prime?
True
Is 734117 prime?
False
Is 16333 composite?
False
Is 116189 a prime number?
True
Is 363989 a prime number?
True
Is 1818421 a composite number?
True
Is 121178 a prime number?
False
Is 4411 composite?
True
Is 50483 a prime number?
False
Is 43943 composite?
False
Is 98609 prime?
False
Is 299357 a composite number?
False
Is 1079869 prime?
False
Is 7937 a composite number?
False
Is 4303 composite?
True
Is 2362 prime?
False
Is 9481 prime?
False
Is 1158523 a prime number?
True
Is 15157 composite?
True
Is 8053 composite?
False
Is 79457 composite?
True
Is 1547213 prime?
True
Is 631205 a composite number?
True
Is 43247 composite?
True
Is 138286 a prime number?
False
Is 944453 prime?
True
Is 1353433 a composite number?
False
Is 499 composite?
False
Is 81799 prime?
True
Is 8653 a composite number?
True
Is 1414207 a composite number?
False
Is 4583 a composite number?
False
Is 2999 prime?
True
Is 967649 prime?
False
Is 73193 prime?
False
Is 9073 prime?
False
Is 689217 a composite number?
True
Is 178643 a prime number?
True
Is 72374 prime?
False
Is 80029 a prime number?
False
Is 104069 prime?
False
Is 1115 prime?
False
Is 1625423 a composite number?
True
Is 1977 composite?
True
Is 19571 prime?
True
Is 953921 a composite number?
True
Is 167289 prime?
False
Is 449795 prime?
False
Is 51257 a composite number?
False
Is 1385533 prime?
False
Is 27043 composite?
False
Is 200087 a prime number?
True
Is 131477 a composite number?
False
Is 11017 a composite number?
True
Is 24733 prime?
True
Is 4327 a composite number?
False
Is 318151 a composite number?
True
Is 836869 a composite number?
True
Is 909985 prime?
False
Is 10966 a composite number?
True
Is 352489 prime?
True
Is 4425079 composite?
False
Is 42487 prime?
True
Is 293519 a prime number?
False
Is 395 prime?
False
Is 21377 a prime number?
True
Is 8191 prime?
True
Is 19181 a composite number?
False
Is 61091 prime?
True
Is 4103 prime?
False
Is 2214073 composite?
False
Is 10331 composite?
False
Is 5077 prime?
True
Is 21419 a prime number?
True
Is 96611 prime?
False
Is 25151 composite?
True
Is 28369 a composite number?
True
Is 86399 a composite number?
False
Is 71507 prime?
False
Is 146611 composite?
True
Is 142739 composite?
True
Is 141619 prime?
True
Is 42371 a prime number?
False
Is 3785 a composite number?
True
Is 9791 a prime number?
True
Is 10483 prime?
False
Is 207743 composite?
False
Is 5267 prime?
False
Is 2921 prime?
False
Is 61913 a prime number?
False
Is 247739 a prime number?
True
Is 4391 prime?
True
Is 376351 a composite number?
False
Is 1767023 composite?
False
Is 171397 prime?
False
Is 448421 a composite number?
False
Is 39099 prime?
False
Is 16279 composite?
True
Is 37577 a composite number?
True
Is 39946 a prime number?
False
Is 205 prime?
False
Is 4601 prime?
False
Is 5603 a composite number?
True
Is 54039 prime?
False
Is 133451 a prime number?
True
Is 80251 composite?
False
Is 558955 a composite number?
True
Is 125129 prime?
False
Is 14659 a composite number?
True
Is 1008001 a composite number?
False
Is 323887 composite?
True
Is 61441 a prime number?
True
Is 5509 composite?
True
Is 7609 a composite number?
True
Is 484159 a prime number?
False
Is 1981 prime?
False
Is 154138 prime?
False
Is 18169 prime?
True
Is 15071 prime?
False
Is 25573 prime?
False
Is 6209 a prime number?
False
Is 739 a prime number?
True
Is 260735 composite?
True
Is 46111 composite?
True
Is 53681 a prime number?
True
Is 33817 a prime number?
False
Is 112823 prime?
False
Is 1016147 prime?
False
Is 2767 composite?
False
Is 1151789 prime?
False
Is 88937 a composite number?
False
Is 1147537 a composite number?
True
Is 821 composite?
False
Is 4919 a composite number?
False
Is 101227 prime?
False
Is 21377 a prime number?
True
Is 116599 prime?
False
Is 615229 a prime number?
True
Is 203127 a composite number?
True
Is 582067 prime?
True
Is 342821 a prime number?
True
Is 1174073 a composite number?
False
Is 42821 a composite number?
False
Is 3521963 a composite number?
True
Is 24997 a prime number?
False
Is 488831 prime?
False
Is 56926 prime?
False
Is 33739 composite?
False
Is 20669 prime?
False
Is 255089 a prime number?
False
Is 718087 prime?
True
Is 7559 prime?
True
Is 56698 a composite number?
True
Is 495671 prime?
False
Is 30346 a composite number?
True
Is 9923 a prime number?
True
Is 73559 composite?
True
Is 20411 a prime number?
True
Is 13449 a prime number?
False
Is 6805 composite?
True
Is 1979 composite?
False
Is 18329 prime?
True
Is 29383 prime?
True
Is 289789 a composite number?
False
Is 502057 a composite number?
False
Is 61871 a prime number?
True
Is 46471 a composite number?
False
Is 157769 a composite number?
False
Is 80309 prime?
True
Is 166505 prime?
False
Is 94219 a prime number?
True
Is 449 composite?
False
Is 1693921 composite?
False
Is 1371 a composite number?
True
Is 1949 a composite number?
False
Is 9521 prime?
True
Is 13811 a composite number?
True
Is 65966 prime?
False
Is 71845 a prime number?
False
Is 14621 composite?
False
Is 2127529 prime?
True
Is 21557 a composite number?
False
Is 21869 a composite number?
True
Is 2886011 a prime number?
True
Is 22801 prime?
False
Is 129953 prime?
True
Is 212353 a composite number?
False
Is 538199 composite?
False
Is 47573 a composite number?
True
Is 191377 composite?
True
Is 229538 prime?
False
Is 53129 a prime number?
True
Is 10393 a prime number?
False
Is 153393 prime?
False
Is 321539 a prime number?
False
Is 2886409 a composite number?
False
Is 119285 composite?
True
Is 1559 prime?
True
Is 7269 composite?
True
Is 34657 composite?
True
Is 3593 a composite number?
False
Is 88199 prime?
False
Is 9953 a composite number?
True
Is 15661 composite?
False
Is 376457 composite?
True
Is 79171 a composite number?
True
Is 469243 composite?
True
Is 144641 a composite number?
True
Is 163931 a composite number?
True
Is 67583 a composite number?
True
Is 223 a composite number?
False
Is 24881 composite?
True
Is 14491 a composite number?
True
Is 99191 a prime number?
True
Is 35671 composite?
False
Is 152169 a prime number?
False
Is 161439 prime?
False
Is 53143 composite?
True
Is 569809 prime?
True
Is 841 composite?
True
Is 364853 a prime number?
True
Is 33679 composite?
False
Is 35671 a prime number?
True
Is 93629 prime?
True
Is 12827 a composite number?
True
Is 1399 a prime number?
True
Is 50019 a composite number?
True
Is 466799 a prime number?
False
Is 606223 a prime number?
True
Is 1973 composite?
False
Is 6353 a composite number?
False
Is 26849 prime?
True
Is 737803 prime?
False
Is 2743 a composite number?
True
Is 437443 composite?
True
Is 916319 a composite number?
False
Is 47459 a prime number?
True
Is 38803 a composite number?
False
Is 280106 prime?
False
Is 66851 a composite number?
False
Is 30787 composite?
True
Is 30449 prime?
True
Is 28999 composite?
True
Is 986437 prime?
True
Is 480685 prime?
False
Is 54709 a composite number?
False
Is 316633 a prime number?
True
Is 4163173 a prime number?
False
Is 56195 composite?
True
Is 41765 composite?
True
Is 112687 composite?
False
Is 47877 a composite number?
True
Is 123791 a composite number?
False
Is 42179 composite?
False
Is 3065917 a prime number?
True
Is 59667 prime?
False
Is 383573 prime?
True
Is 223 prime?
True
Is 157749 a composite number?
True
Is 1196593 a composite number?
False
Is 177677 a composite number?
False
Is 78613 a composite number?
True
Is 73673 composite?
False
Is 889 composite?
True
Is 2741783 a composite number?
True
Is 45831 a prime number?
False
Is 39953 a prime number?
True
Is 374953 a prime number?
True
Is 413389 a composite number?
